?
True
Let f = 6436 - -21. Is f composite?
True
Let j(z) = 134*z**3 + 26*z**2 + 21*z - 2. Is j(5) a composite number?
True
Let l be ((-6)/(-8))/(-3) + 330540/112. Suppose -l - 4941 = -4*w. Is w prime?
True
Let k be (-4 + (-1 - 1))*1. Let q(a) = -23*a**2 + 13*a - 2. Let g(h) = 32*h**2 - 19*h + 3. Let c(o) = -5*g(o) - 7*q(o). Is c(k) composite?
False
Let m = 1879 + -1112. Is m composite?
True
Suppose 2*y - 368 = -3*o, 3*y + 0*o = -2*o + 557. Is y a composite number?
True
Suppose -4*q + 8*q - 24 = 0. Let t(b) = 4 - 3 + 215*b + 136*b + 4. Is t(q) prime?
True
Let o = -7 + 7. Suppose 0 = b - o*b - 4. Suppose 5*a = 3*z - 473, -5*z - 5*a = -b*z - 171. Is z a prime number?
False
Let q = 1357 + -770. Is q a prime number?
True
Let s = 34 - 1. Suppose -s = 4*r + 23. Is (-1938)/r - (-4)/7 a composite number?
False
Is (2 - 1)/(3/21201) a composite number?
True
Let h = 306126 + -211197. Is h composite?
True
Let a = 19 + -10. Suppose -a*g = -7*g - 1362. Let p = g + -382. Is p prime?
False
Let u = -15 + 18. Suppose -5 + u = -l. Let t(v) = 27*v + 4. Is t(l) a prime number?
False
Let c(g) = -3*g**2 - 3*g + 3. Let p = 12 + -5. Let r be c(p). Let a = -94 - r. Is a prime?
True
Suppose 6*n = 4*n + 10. Suppose 3*f + y - 4 = -3*y, 0 = n*y - 5. Suppose f = 9*c - 2*c - 1043. Is c prime?
True
Suppose -5*w - 4*b + 45 = 0, 4*b = 2*w - 0*w - 18. Let p = -3 + w. Suppose -p*n = n - 1799. Is n a composite number?
False
Suppose -27*b + 126056 = -219895. Is b a prime number?
False
Is -24483*2*9/(-54) prime?
True
Suppose -11*t + 339369 = -403164. Is t prime?
False
Suppose 2*a = -4 + 8, 0 = -3*d + 2*a - 10. Let n(b) be the first derivative of 8*b**3/3 - b**2 + b - 18. Is n(d) composite?
False
Let k(p) = 655*p + 87. Is k(4) a composite number?
False
Is ((-120)/(-18) - -2)*1119/2 a prime number?
False
Let i = 8 - 5. Suppose 3*k + 7 + 12 = 5*u, i*k + 11 = u. Suppose 2*b + 267 = 3*z - b, 3*b = -u*z + 188. Is z a prime number?
False
Let b(q) = 155*q + 267. Is b(12) a prime number?
False
Let i(y) = -21*y - 55. Suppose m + 96 = -3*m. Is i(m) a composite number?
False
Let l(c) = 26*c**2 + 5*c + 52. Is l(-5) a composite number?
False
Let b = 45 - 44. Is b/6 - 546931/(-66) prime?
True
Suppose -6595 = -3*h + 7307. Suppose 0 = 2*s + 2*w - h, -s + 2*w = -2*w - 2337. Is s composite?
True
Suppose 0*a - a = -281. Suppose 0 = 3*g - 1 - a. Is g composite?
True
Suppose -5*m - 5*k + 33098 = -2*k, 0 = 4*m - k - 26475. Is m a prime number?
True
Let s = 10 - 5. Suppose 1071 = 4*p + s*a, p + a - 279 = 2*a. Is p prime?
False
Let l be 2 - ((-6)/(-2) + -8). Let k = l - 5. Is 157 + -4 + (k - -2) composite?
False
Suppose -s - 5 = -2*i, -5*i - 12 = -32. Suppose 5 = -s*m - 7. Let u(w) = -3*w**3 - 6*w**2 - 9*w - 5. Is u(m) prime?
True
Let s(u) = 108*u**2 + 9*u - 7. Is s(6) a prime number?
False
Let p(k) be the third derivative of k**7/1008 + k**6/240 - k**5/30 - 3*k**2. Let v(g) be the third derivative of p(g). Is v(10) a composite number?
False
Let i be 12 + -2 - 4 - 0. Is (-6396)/(-8)*4/i a composite number?
True
Let v = 38675 - 13192. Is v prime?
False
Let w = 998 - 594. Suppose -49 = -2*h - 5*k + 124, -5*h - 3*k = -w. Let a = h + -12. Is a a composite number?
False
Let n be (4 - 4) + 6/1. Is n/24*(-1 - -3029) a composite number?
False
Suppose -35*c + 24*c = -37015. Is c a composite number?
True
Let l = 42 + -46. Is 182 + l + 0/(-4) a prime number?
False
Suppose 0 = -0*c - 4*c - 1356. Let b = -120 - c. Suppose 0 = v + p - 100, p + 61 = 3*v - b. Is v a prime number?
False
Suppose -2*c - 5*k = -69468, -3*c - 4*k + 0*k = -104209. Is c composite?
False
Suppose 16*m = 12*m + 10732. Suppose 3*b - m = -2*y, 1352 = 2*y - y + 5*b. Is y composite?
True
Is -7 + (-87654)/(-15 - -8) a composite number?
True
Is 4/(-8)*-6686 - -3 - 3 composite?
False
Suppose -6 = 4*m - 3*f, 2*m - 2 = 2*f - 6. Let i(a) = a**2 + 2*a + 2219. Is i(m) composite?
True
Suppose 1020183 = 31*b - 2237018. Is b a prime number?
True
Suppose -17*k + 3*l + 6899 = -16*k, 5*l = 0. Is k a prime number?
True
Suppose 127*w = 126*w + 797. Is w composite?
False
Let k = 142 + -79. Let u = k + 4. Is u a composite number?
False
Let t(d) = 14*d**2 + 22*d - 5. Is t(6) composite?
False
Let b(y) = -6*y**2 + 28*y - 1. Let s(i) = 12*i**2 - 55*i + 2. Let m(o) = 11*b(o) + 6*s(o). Is m(-9) prime?
False
Suppose -5*r + 92 = -18. Suppose -23*i + r*i + 257 = 0. Is i composite?
False
Is (-36)/(-9) + 9*993 a composite number?
False
Suppose 2*b - 1312 = -2*q + 4736, 12095 = 4*q + 5*b. Let i = -1224 + q. Is i composite?
False
Suppose -2*n = -7*n - 2*v + 8, -4 = 5*n - v. Suppose 10*j - 4*j - 12 = n. Suppose j*w - 882 + 68 = 0. Is w prime?
False
Is 290/50*(643 + -8) prime?
False
Let z be (-6)/(-15) - (-156)/10. Let m = z - 27. Let f(g) = -2*g - 11. Is f(m) composite?
False
Let s = 15 - 9. Is (13042/s)/(1/(-1))*-3 a composite number?
False
Let q be -604*(-5)/(8 - -2). Let n = q - 49. Is n a prime number?
False
Let r(y) be the third derivative of y**6/120 + y**5/3 + 3*y**4/4 - 4*y**3 - 3*y**2. Let c be r(-19). Let z(v) = 2*v**2 - 2*v - 9. Is z(c) composite?
True
Let l = 110 - 209. Let r = 32 - l. Is r a prime number?
True
Suppose -2*z + 2773 - 11021 = 0. Is (z/(-5))/((-24)/(-60)) composite?
True
Suppose 3*p - 15 = 5*a, -2*p = -a + 1 - 4. Suppose p = 2*w - 6*k + 3*k - 509, 0 = 4*w + k - 983. Is w prime?
False
Suppose -4*j + 0*w = -4*w - 3020, 4*w = -4*j + 3004. Is j - (-3)/(9/(-6)) a composite number?
False
Let r = 587 + 72. Let p = 933 - r. Is p composite?
True
Let a(p) = p**3 + 7*p**2 - 22*p - 3. Let k = 65 + -55. Is a(k) composite?
True
Suppose -2*m + 66 = -5*d, 0 = 2*m - d - 9 - 73. Suppose m = -3*x - 230. Let g = -60 - x. Is g a composite number?
False
Suppose 0 = 3427*v - 3430*v + 861. Is v a composite number?
True
Suppose 74620 = 4*y + 4*o, 5*y - 2*o - 115432 = -22129. Is y a prime number?
False
Suppose 2*h = 3*h + 2. Is (-1)/h - ((-36500)/8)/5 a prime number?
False
Let w(d) = 136*d - 6. Let j be w(15). Suppose -5*u = 5*t - 3385, -u - j = -3*t - 5*u. Is t a prime number?
False
Let v be (-4)/10 - (-10)/25*-14. Is 1/((-2)/v) + (6 - -114) a prime number?
False
Let g(u) = u**3 + 33*u**2 + 29*u + 50. Is g(23) a composite number?
False
Let o = -172 + 84. Suppose -2*b = -6*b + 948. Let c = o + b. Is c a composite number?
False
Let a(f) = 733*f - 183. Is a(13) composite?
True
Let d(u) = 7*u - u**2 - 4 + 13 - 1 - 10. Let n be d(6). Suppose m + 327 = n*m. Is m composite?
False
Let q(y) be the first derivative of y**4/4 + 10*y**3/3 + 9*y**2/2 - 4*y + 2. Let u be q(-9). Is (-1)/(-2) - 1354/u a prime number?
False
Is 5 - ((-5)/(-5) + -25088) - 5 a prime number?
True
Suppose 0 = 530*a - 523*a - 644273. Is a a composite number?
True
Let j be (456/95)/((-1)/245). Let z = -761 - j. Is z prime?
False
Suppose -121970 = -641*m + 639*m. Is m composite?
True
Let g = -277 + 1079. Suppose u - g + 3604 = 0. Is (2/3)/((-4)/u) a composite number?
False
Let c = -593 + 916. Is c a composite number?
True
Let v(c) = c**2 - c + 1. Let j be (-2)/(-5) - 434/10. Let p = j - -26. Is v(p) a composite number?
False
Suppose p + 4*a = 411, 0 = -4*p + 5*p - 4*a - 435. Suppose -335 = -3*g + t + 906, 2*t = -g + p. Suppose -5*z = -g + 80. Is z a prime number?
True
Let i be (-1)/((-26)/8 + 3). Suppose -5*c + 8 = -c, -5*j + 12 = -i*c. Let x = j + 9. Is x a composite number?
False
Suppose -13*j + 264770 = -26807. Is j composite?
True
Let f(d) = 4*d**3 - 5*d**2 + 4*d - 3. Let v be f(4). Let l = v - 100. Is l composite?
False
Let x = 5385 - 1450. Let v = x - 2598. Is v a prime number?
False
Let z(h) = h**3 - 2*h - 1. Let f be z(-1). Suppose 4*a - 1044 + 104 = f. Let c = 380 - a. Is c a prime number?
False
Suppose 3*l - 4*p - 59 = 0, 5*p - 1 = l - 6. Suppose -l*j = -29*j + 1036. Is j a prime number?
False
Let j(d) = -2056*d - 3. Is j(-1) prime?
True
Let d(a) = 280*a + 43. Let x be d(7). Let m = x + -1048. Is m a prime number?
False
Let r(y) = -y**3 - 9*y**2 - 24. Let c be r(-10). Suppose -177 = -3*n + 4*w + c, -5*n - w = -460. Is n a composite number?
True
Let w(j) = 19*j**2 - 24*j + 22. Is w(13) a composite number?
True
Is 17519/6*(-516)/(-86) prime?
True
Suppose -2*o + 22368 = 7*z - 2*z, -5*z - 5*o = -22365. Suppose -654 + z = 4*s. Is s a prime number?
False
Suppose -17*a + 4*k = -18*a + 6247, 0 = 5*k - 10. Is a a prime 